, what is 4 + -560335654?
-560335650
In base 2, what is 11010110001101111000 - 1000101?
11010110001100110011
In base 4, what is 112 - -2013030002120?
2013030002232
In base 6, what is 321511 + 351?
322302
In base 4, what is 1011033 + -1310212?
-233113
In base 14, what is -2c4d8b - 46?
-2c4dd3
In base 8, what is 4455776 + 17?
4456015
In base 10, what is 2 - -2745118?
2745120
In base 14, what is a614 + -195?
a45d
In base 9, what is -142533 - -482?
-142041
In base 13, what is -5a - -b7b761?
b7b704
In base 13, what is 2242722c5 + 3?
2242722c8
In base 11, what is 0 + 8647505?
8647505
In base 5, what is 11414323004 + 44?
11414323103
In base 4, what is 2030 - 230012101?
-230010011
In base 6, what is 150313 - 1144?
145125
In base 6, what is -1 + 4442434024?
4442434023
In base 9, what is -433502 + 1342?
-432150
In base 13, what is a5449cb4 - 0?
a5449cb4
In base 15, what is -cd - 20b947?
-20ba25
In base 12, what is 8a572 - 21b?
8a353
In base 2, what is 11000010 + 111111100001010011?
111111100100010101
In base 11, what is 5 - 2774955?
-2774950
In base 9, what is -257351 + 5686?
-251554
In base 11, what is 61a6026 - 1?
61a6025
In base 14, what is 1 + -557bbb?
-557bba
In base 2, what is -10 - -101101110011110100100111101?
101101110011110100100111011
In base 12, what is 16161806 + -10?
161617b6
In base 9, what is -4 + 1514372?
1514367
In base 9, what is -80 - 40041272?
-40041362
In base 16, what is 1 - 403bca8?
-403bca7
In base 15, what is 73135c4 + -3?
73135c1
In base 6, what is -13 + 404140333?
404140320
In base 2, what is 1001101 + 1010010000010010?
1010010001011111
In base 14, what is -4 + -c70ad3?
-c70ad7
In base 12, what is -1 + 1446217a?
14462179
In base 2, what is -1100000100100101 - 100010010?
-1100001000110111
In base 13, what is 541aa9 - -2c?
541b08
In base 4, what is 1021203 - 20031?
1001112
In base 14, what is 3c + 8014c4?
801522
In base 16, what is 3 - -62dac?
62daf
In base 3, what is 202121122021101202 + 10?
202121122021101212
In base 6, what is -2453110401 + -42?
-2453110443
In base 4, what is -31021 + 3131032231?
3131001210
In base 10, what is -8624767 + -3?
-8624770
In base 2, what is 101001010101101110001 + 10101?
101001010101110000110
In base 14, what is 17a82 - -270?
17d12
In base 10, what is -39102733 - 2?
-39102735
In base 4, what is -22002113220 - 110?
-22002113330
In base 4, what is 11 - 32111020201?
-32111020130
In base 12, what is 21a721 - -35?
21a756
In base 6, what is -1324230302 - -103?
-1324230155
In base 3, what is -12 + 22200111211101022?
22200111211101010
In base 12, what is 44078 - -3?
4407b
In base 4, what is 32121311210 + -1221?
32121303323
In base 3, what is -21211220 - -101002210?
2020220
In base 10, what is 1153 + 9432?
10585
In base 7, what is -2041455244 + 2?
-2041455242
In base 16, what is -2a547ae - 3?
-2a547b1
In base 2, what is 1101 - -11011100000010100010?
11011100000010101111
In base 4, what is -133210320323313 + -3?
-133210320323322
In base 7, what is -3 - 532262403?
-532262406
In base 7, what is -52643543 - -5?
-52643535
In base 8, what is -123367 + -7740?
-133327
In base 7, what is -1 + 4110411256?
4110411255
In base 9, what is 53678147 + -2?
53678145
In base 4, what is -10010200100 - -3?
-10010200031
In base 8, what is 211642 + -3556?
206064
In base 7, what is -4 + 2406452226?
2406452222
In base 9, what is 5587 - 210?
5377
In base 6, what is 1 - -200132054?
200132055
In base 2, what is -1100011010100 + 100000011001?
-1000010111011
In base 14, what is -3191 - -4d7?
-2a98
In base 6, what is 101 + -1454325411?
-1454325310
In base 5, what is -114113 + 1101?
-113012
In base 11, what is 7255506 - 70?
7255446
In base 9, what is 113 + 1783777?
1784001
In base 5, what is -1311331202 + -4?
-1311331211
In base 12, what is 22 - -56ba3?
57005
In base 11, what is -15 + 8745255?
8745240
In base 9, what is 266847 - 6?
266841
In base 12, what is 126b82 - 0?
126b82
In base 14, what is -2c194496 + -4?
-2c19449a
In base 6, what is -2150210105 + 3?
-2150210102
In base 3, what is 10101012100 - -100021?
10101112121
In base 14, what is 5d8 - -4dd45?
5053d
In base 4, what is -1102102020130 + -2?
-1102102020132
In base 16, what is -5ffd2a + 1?
-5ffd29
In base 13, what is 4 - 673cc34?
-673cc30
In base 9, what is 538 - -40633?
41272
In base 12, what is -1a + 7a992?
7a974
In base 10, what is 5 - 4426154?
-4426149
In base 3, what is -101021200200021 - -121?
-101021200122200
In base 4, what is -2 + -10033333132?
-10033333200
In base 6, what is 1024 - 300400?
-255332
In base 4, what is 1132233202333 + 0?
1132233202333
In base 13, what is -31bc07b - -35?
-31bc046
In base 10, what is 294 - 43505?
-43211
In base 12, what is -50504 + -930?
-51234
In base 9, what is -650582 + 262?
-650320
In base 15, what is -21d45 - -8?
-21d3c
In base 13, what is 3a36 + 712?
4448
In base 13, what is 8 - -1419b3?
1419bb
In base 10, what is -59982033 - 4?
-59982037
In base 3, what is -12122021 + -2112100?
-22011121
In base 10, what is -1 - 61123601?
-61123602
In base 10, what is -425247 - -101?
-425146
In base 14, what is 28898 + -29?
2886d
In base 2, what is -10000 + -100010110100001111001?
-100010110100010001001
In base 15, what is 36 - 376e5c?
-376e26
In base 11, what is -28a2aa2 + -25?
-28a3017
In base 2, what is 110000101011011011 - 10010?
110000101011001001
In base 13, what is 93284 + -11?
93273
In base 12, what is -638 + 1b26?
14aa
In base 3, what is -10211122 - 21111?
-11010010
In base 15, what is -1758 + -760?
-1eb8
In base 15, what is 113 + -41330?
-4121c
In base 11, what is -5501 - 14a742?
-155143
In base 9, what is 148677654 - 0?
148677654
In base 10, what is 985435 - -521?
985956
In base 4, what is -1230231211 - 11021?
-1230302232
In base 11, what is -1a + -106588?
-1065a7
In base 10, what is -289224 + -6?
-289230
In base 6, what is -1343025 + -413?
-1343442
In base 9, what is -1 + -46826081?
-46826082
In base 16, what is -15 + -3a4b7c?
-3a4b91
In base 3, what is -101121 + -1012000100?
-1012101221
In base 9, what is -55353167 - -2?
-55353165
In base 8, what is -5457065 - 1?
-5457066
In base 12, what is -1 - 833327?
-833328
In base 11, what is 19a7246 - -12?
19a7258
In base 6, what is -3135554540 - 2?
-3135554542
In base 10, what is 22710 - -1981?
24691
In base 5, what is -41000020 + 114?
-40444401
In base 11, what is -4073 - 20095?
-24158
In base 16, what is 1 + ba23df8?
ba23df9
In base 10, what is -14845 + 12?
-14833
In base 14, what is -5 + -b57b3?
-b57b8
In base 4, what is -2000111 - 200222?
-2200333
In base 11, what is -11 - 2206595?
-22065a6
In base 4, what is -2102102231 - 211?
-2102103102
In base 16, what is -73e4 - 170?
-7554
In base 12, what is -2664948 + 5b?
-26648a9
In base 3, what is 11021102121022 - 12?
11021102121010
In base 11, what is 28960 - 4106?
24855
In base 4, what is -102202 - 31221?
-200023
In base 15, what is -23308d4 - 4?
-23308d8
In base 7, what is 2505 - 22654?
-20146
In base 3, what is -202 + -110210211111?
-110210212020
In base 7, what is -10 - -351621355?
351621345
In base 6, what is 141 + -11542445?
-11542304
In base 12, what is -5 - -55a9016?
55a9011
In base 10, what is 89532 + -23?
89509
In base 14, what is c97 + 1500?
2397
In base 5, what is -4114410 - 310204?
-4430114
In base 16, what is 8db9873 + -1?
8db9872
In base 16, what is 6537 - -1a5?
66dc
In base 13, what is 2c07 + -38a9?
-9a2
In base 12, what is -b - -a57654?
a57645
In base 15, what is -4c - -593a?
58dd
In base 14, what is -943b520 + 0?
-943b520
In base 5, what is 421 + -10001312?
-10000341
In base 6, what is -3401132 + -45?
-3401221
In base 4, what is 13111112113 - 121?
13111111332
In base 15, what is 14 + -3c310?
-3c2eb
In base 10, what is -19831 - 334?
-20165
In base 10, what is 542271 + 189?
542460
In base 13, what is -6314297 + -4?
-631429b
In base 6, what is -410000203 - 1?
-410000204
In base 6, what is -2234303404 + -2?
-2234303410
In base 16, what is -5 - -2273d4?
2273cf
In base 11, what is -1 + -1595633?
-1595634
In base 15, what is -2e + -1049?
-1078
In base 4, what is -213103000 + 23322?
-213013012
In base 8, what is 2 + 70400110?
70400112
In base 4, what is -3212 + 21121301?
21112023
In base 9, what is -33 + 7866787?
7866754
In base 3, what is 20 + -122211022012?
-122211021222
In base 9, what is -1655 + 33?
-1622
In base 4, what is -3 - 3